{"id":97,"date":"2023-07-15T15:36:20","date_gmt":"2023-07-15T13:36:20","guid":{"rendered":"https:\/\/fantome-fx.com\/?page_id=97"},"modified":"2026-02-09T19:36:57","modified_gmt":"2026-02-09T18:36:57","slug":"tiger","status":"publish","type":"page","link":"https:\/\/fantome-fx.com\/index.php\/tiger\/","title":{"rendered":"TIGER"},"content":{"rendered":"\r\n<p>Overdrive \/ Overboost , cr\u00e9ation 2009.<br \/>Premi\u00e8re d\u00e9nomination : Tigre (2009-2022)<br \/>Changements esth\u00e9tiques (2025) : bouton 27mm, rondelle cuivre switch, contre \u00e9crou noir 3PDT, changement de peinture pour du bronze dor\u00e9 martel\u00e9.<\/p>\r\n\r\n\r\n\r\n<figure class=\"wp-block-image size-large\"><img loading=\"lazy\" decoding=\"async\" width=\"1024\" height=\"683\" class=\"wp-image-893\" src=\"https:\/\/fantome-fx.com\/wp-content\/uploads\/2025\/10\/2025_10_23a_450a-1024x683.jpg\" alt=\"\" srcset=\"https:\/\/fantome-fx.com\/wp-content\/uploads\/2025\/10\/2025_10_23a_450a-1024x683.jpg 1024w, https:\/\/fantome-fx.com\/wp-content\/uploads\/2025\/10\/2025_10_23a_450a-600x400.jpg 600w, https:\/\/fantome-fx.com\/wp-content\/uploads\/2025\/10\/2025_10_23a_450a-300x200.jpg 300w, https:\/\/fantome-fx.com\/wp-content\/uploads\/2025\/10\/2025_10_23a_450a-768x512.jpg 768w, https:\/\/fantome-fx.com\/wp-content\/uploads\/2025\/10\/2025_10_23a_450a-1536x1024.jpg 1536w, https:\/\/fantome-fx.com\/wp-content\/uploads\/2025\/10\/2025_10_23a_450a-2048x1366.jpg 2048w\" sizes=\"auto, (max-width: 1024px) 100vw, 1024px\" \/><\/figure>\r\n\r\n\r\n\r\n<figure class=\"wp-block-image size-large is-resized\"><a href=\"https:\/\/fantome-fx.sumupstore.com\/article\/tiger-overdrive\" target=\"_blank\" rel=\"noreferrer noopener\"><img loading=\"lazy\" decoding=\"async\" class=\"alignnone wp-image-900\" style=\"width: 227px; height: auto;\" src=\"https:\/\/fantome-fx.com\/wp-content\/uploads\/2025\/10\/ACHETER-copie-1024x289.png\" alt=\"\" width=\"1024\" height=\"289\" srcset=\"https:\/\/fantome-fx.com\/wp-content\/uploads\/2025\/10\/ACHETER-copie-1024x289.png 1024w, https:\/\/fantome-fx.com\/wp-content\/uploads\/2025\/10\/ACHETER-copie-600x170.png 600w, https:\/\/fantome-fx.com\/wp-content\/uploads\/2025\/10\/ACHETER-copie-300x85.png 300w, https:\/\/fantome-fx.com\/wp-content\/uploads\/2025\/10\/ACHETER-copie-768x217.png 768w, https:\/\/fantome-fx.com\/wp-content\/uploads\/2025\/10\/ACHETER-copie.png 1522w\" sizes=\"auto, (max-width: 1024px) 100vw, 1024px\" \/><\/a><\/figure>\r\n\r\n\r\n\r\n<figure class=\"wp-block-gallery has-nested-images columns-default is-cropped wp-block-gallery-1 is-layout-flex wp-block-gallery-is-layout-flex\">\r\n<figure class=\"wp-block-image size-large\"><img decoding=\"async\" data-id=\"894\" class=\"wp-image-894\" src=\"https:\/\/fantome-fx.com\/wp-content\/uploads\/2025\/10\/2025_10_23a_451a-1024x683.jpg\" alt=\"\" \/><\/figure>\r\n\r\n\r\n\r\n<figure class=\"wp-block-image size-large\"><img loading=\"lazy\" decoding=\"async\" width=\"1024\" height=\"683\" data-id=\"895\" class=\"wp-image-895\" src=\"https:\/\/fantome-fx.com\/wp-content\/uploads\/2025\/10\/2025_10_23a_452a-1024x683.jpg\" alt=\"\" srcset=\"https:\/\/fantome-fx.com\/wp-content\/uploads\/2025\/10\/2025_10_23a_452a-1024x683.jpg 1024w, https:\/\/fantome-fx.com\/wp-content\/uploads\/2025\/10\/2025_10_23a_452a-600x400.jpg 600w, https:\/\/fantome-fx.com\/wp-content\/uploads\/2025\/10\/2025_10_23a_452a-300x200.jpg 300w, https:\/\/fantome-fx.com\/wp-content\/uploads\/2025\/10\/2025_10_23a_452a-768x512.jpg 768w, https:\/\/fantome-fx.com\/wp-content\/uploads\/2025\/10\/2025_10_23a_452a-1536x1024.jpg 1536w, https:\/\/fantome-fx.com\/wp-content\/uploads\/2025\/10\/2025_10_23a_452a-2048x1366.jpg 2048w\" sizes=\"auto, (max-width: 1024px) 100vw, 1024px\" \/><\/figure>\r\n\r\n\r\n\r\n<figure class=\"wp-block-image size-large\"><img loading=\"lazy\" decoding=\"async\" width=\"1024\" height=\"683\" data-id=\"896\" class=\"wp-image-896\" src=\"https:\/\/fantome-fx.com\/wp-content\/uploads\/2025\/10\/2025_10_23a_453a-1024x683.jpg\" alt=\"\" srcset=\"https:\/\/fantome-fx.com\/wp-content\/uploads\/2025\/10\/2025_10_23a_453a-1024x683.jpg 1024w, https:\/\/fantome-fx.com\/wp-content\/uploads\/2025\/10\/2025_10_23a_453a-600x400.jpg 600w, https:\/\/fantome-fx.com\/wp-content\/uploads\/2025\/10\/2025_10_23a_453a-300x200.jpg 300w, https:\/\/fantome-fx.com\/wp-content\/uploads\/2025\/10\/2025_10_23a_453a-768x512.jpg 768w, https:\/\/fantome-fx.com\/wp-content\/uploads\/2025\/10\/2025_10_23a_453a-1536x1024.jpg 1536w, https:\/\/fantome-fx.com\/wp-content\/uploads\/2025\/10\/2025_10_23a_453a-2048x1366.jpg 2048w\" sizes=\"auto, (max-width: 1024px) 100vw, 1024px\" \/><\/figure>\r\n<\/figure>\r\n\r\n\r\n\r\n<p>&nbsp;<\/p>\r\n\r\n\r\n\r\n<p>C\u2019est la premi\u00e8re overdrive, s\u00e8che et f\u00e9roce. Inspir\u00e9 d&rsquo;une p\u00e9dale disparue des ann\u00e9es 80, avec pour particularit\u00e9 de n&rsquo;avoir un seul transistor et un hard-clipping.<br \/>La premi\u00e8re version se nommait la TIGRE, en 2023, elle devient la TIGER.<br \/>Le switch (filtre) transforme l\u2019overdrive en un animal f\u00e9roce. Sauvage.<\/p>\r\n\r\n\r\n\r\n<p><strong>Specs.<\/strong><br \/>Boitier Hammond haute qualit\u00e9 en fonte d&rsquo;aluminium, perc\u00e9 et peint \u00e0 la main.<br \/>Circuit imprim\u00e9 con\u00e7u et dessin\u00e9 par nos soins.<br \/>Composants traversants, assembl\u00e9s et soud\u00e9s \u00e0 la main.<br \/>Potentiometre ALPHA<br \/>Jacks LUMBERG<br \/>Soudure sans plomb.<br \/>Alimentation DC 9V externe (pas de logement de pile en interne) (non fournie)<br \/>R\u00e9glages : Un bouton de volume, et un s\u00e9lecteur permettant de laisser passer un peu plus les hauts-medium.<br \/>Courant : 0,6 mA<br \/>Poids : 200g<\/p>\r\n\r\n\r\n\r\n<p><strong>Prix public conseill\u00e9: 165 \u20ac <\/strong><br \/><strong>COMMANDEZ CETTE PEDALE SUR LA BOUTIQUE OFFICIELLE FANTOME (ENVOI GRATUIT)<\/strong><\/p>\r\n<p>&nbsp;<\/p>\r\n\r\n\r\n\r\n\r\n\r\n\r\n\r\n<figure class=\"wp-block-embed is-type-video is-provider-youtube wp-block-embed-youtube wp-embed-aspect-16-9 wp-has-aspect-ratio\">\r\n<div class=\"wp-block-embed__wrapper\">\r\n<p><iframe loading=\"lazy\" title=\"Fantome TIGER (overdrive) par Valentin\" width=\"800\" height=\"450\" src=\"https:\/\/www.youtube.com\/embed\/edP4tW-nRyA?feature=oembed\" frameborder=\"0\" allow=\"accelerometer; autoplay; clipboard-write; encrypted-media; gyroscope; picture-in-picture; web-share\" referrerpolicy=\"strict-origin-when-cross-origin\" allowfullscreen><\/iframe><\/p>\r\n<p>&nbsp;<\/p>\r\n<\/div>\r\n<\/figure>\r\n\r\n\r\n\r\n<figure class=\"wp-block-embed is-type-video is-provider-youtube wp-block-embed-youtube wp-embed-aspect-16-9 wp-has-aspect-ratio\">\r\n<div class=\"wp-block-embed__wrapper\">\u00a0<\/div>\r\n<\/figure>\r\n\r\n\r\n\r\n<figure class=\"wp-block-image size-large is-resized\"><a href=\"https:\/\/fantome-fx.sumupstore.com\/article\/tiger-overdrive\" target=\"_blank\" rel=\"noreferrer noopener\"><img loading=\"lazy\" decoding=\"async\" class=\"alignnone wp-image-900\" style=\"width: 227px; height: auto;\" src=\"https:\/\/fantome-fx.com\/wp-content\/uploads\/2025\/10\/ACHETER-copie-1024x289.png\" alt=\"\" width=\"1024\" height=\"289\" srcset=\"https:\/\/fantome-fx.com\/wp-content\/uploads\/2025\/10\/ACHETER-copie-1024x289.png 1024w, https:\/\/fantome-fx.com\/wp-content\/uploads\/2025\/10\/ACHETER-copie-600x170.png 600w, https:\/\/fantome-fx.com\/wp-content\/uploads\/2025\/10\/ACHETER-copie-300x85.png 300w, https:\/\/fantome-fx.com\/wp-content\/uploads\/2025\/10\/ACHETER-copie-768x217.png 768w, https:\/\/fantome-fx.com\/wp-content\/uploads\/2025\/10\/ACHETER-copie.png 1522w\" sizes=\"auto, (max-width: 1024px) 100vw, 1024px\" \/><\/a><\/figure>\r\n<p>&nbsp;<\/p>\r\n","protected":false},"excerpt":{"rendered":"<p>Overdrive \/ Overboost , cr\u00e9ation 2009.Premi\u00e8re d\u00e9nomination : Tigre (2009-2022)Changements esth\u00e9tiques (2025) : bouton 27mm, rondelle cuivre switch, contre \u00e9crou<\/p>\n","protected":false},"author":1,"featured_media":0,"parent":0,"menu_order":0,"comment_status":"closed","ping_status":"closed","template":"","meta":{"footnotes":""},"class_list":["post-97","page","type-page","status-publish","hentry"],"jetpack_sharing_enabled":true,"_links":{"self":[{"href":"https:\/\/fantome-fx.com\/index.php\/wp-json\/wp\/v2\/pages\/97","targetHints":{"allow":["GET"]}}],"collection":[{"href":"https:\/\/fantome-fx.com\/index.php\/wp-json\/wp\/v2\/pages"}],"about":[{"href":"https:\/\/fantome-fx.com\/index.php\/wp-json\/wp\/v2\/types\/page"}],"author":[{"embeddable":true,"href":"https:\/\/fantome-fx.com\/index.php\/wp-json\/wp\/v2\/users\/1"}],"replies":[{"embeddable":true,"href":"https:\/\/fantome-fx.com\/index.php\/wp-json\/wp\/v2\/comments?post=97"}],"version-history":[{"count":18,"href":"https:\/\/fantome-fx.com\/index.php\/wp-json\/wp\/v2\/pages\/97\/revisions"}],"predecessor-version":[{"id":1158,"href":"https:\/\/fantome-fx.com\/index.php\/wp-json\/wp\/v2\/pages\/97\/revisions\/1158"}],"wp:attachment":[{"href":"https:\/\/fantome-fx.com\/index.php\/wp-json\/wp\/v2\/media?parent=97"}],"curies":[{"name":"wp","href":"https:\/\/api.w.org\/{rel}","templated":true}]}}